are the prime factors of 167701614?
2, 3, 27950269
List the prime factors of 46957886.
2, 241, 97423
List the prime factors of 266003255.
5, 7, 7600093
What are the prime factors of 8492947?
47, 180701
List the prime factors of 301801386.
2, 3, 4253, 11827
List the prime factors of 273311982.
2, 3, 1687111
What are the prime factors of 144103071?
3, 7, 980293
What are the prime factors of 6220960?
2, 5, 59, 659
List the prime factors of 63839889.
3, 7093321
List the prime factors of 189367158.
2, 3, 29, 31, 35107
List the prime factors of 38863130.
2, 5, 307, 12659
What are the prime factors of 6220499?
389, 15991
What are the prime factors of 82433121?
3, 107, 256801
List the prime factors of 1067357316.
2, 3, 1721, 51683
List the prime factors of 39093086.
2, 331, 59053
What are the prime factors of 83058680?
2, 5, 887, 2341
List the prime factors of 6329969530.
2, 5, 632996953
What are the prime factors of 4645365?
3, 5, 29, 59, 181
What are the prime factors of 322100773?
322100773
List the prime factors of 400166423.
400166423
What are the prime factors of 19267600?
2, 5, 11, 29, 151
List the prime factors of 416678131.
569, 732299
List the prime factors of 502068859.
502068859
List the prime factors of 745320686.
2, 11, 59, 283, 2029
What are the prime factors of 5217483022?
2, 17, 10333, 14851
List the prime factors of 24230725.
5, 61, 15889
List the prime factors of 80996408.
2, 89, 113759
What are the prime factors of 28767092?
2, 523, 13751
List the prime factors of 4579237703.
131, 34956013
List the prime factors of 3323951.
29, 61, 1879
What are the prime factors of 28703835?
3, 5, 89, 2389
What are the prime factors of 3999875606?
2, 15583, 128341
What are the prime factors of 827326726?
2, 17, 383, 63533
What are the prime factors of 30080969?
359, 83791
List the prime factors of 592196447.
592196447
List the prime factors of 62150708.
2, 17, 913981
What are the prime factors of 1958634833?
397, 4933589
What are the prime factors of 6357501004?
2, 19, 83651329
List the prime factors of 1230721314.
2, 3, 19, 29, 372269
What are the prime factors of 1130710002?
2, 3, 188451667
List the prime factors of 224499997.
53, 109, 38861
List the prime factors of 145311998.
2, 13, 5588923
What are the prime factors of 788301030?
2, 3, 5, 11, 311, 7681
List the prime factors of 466050769.
1049, 444281
List the prime factors of 14299106.
2, 1201, 5953
What are the prime factors of 667146326?
2, 7, 11, 23, 17123
List the prime factors of 107488470.
2, 3, 5, 31, 41, 2819
List the prime factors of 46345064.
2, 5793133
What are the prime factors of 51133898?
2, 1733, 14753
List the prime factors of 223178252.
2, 11, 41, 193, 641
What are the prime factors of 70999691?
7, 10142813
What are the prime factors of 78134825?
5, 691, 4523
What are the prime factors of 763215607?
7, 11, 277, 3253
What are the prime factors of 116084643?
3, 191, 202591
What are the prime factors of 3205011559?
13313, 240743
List the prime factors of 252628885.
5, 349, 144773
List the prime factors of 162692361.
3, 13, 463511
What are the prime factors of 19821175?
5, 11, 72077
What are the prime factors of 1284323004?
2, 3, 17, 691, 3037
List the prime factors of 238634483.
167, 1428949
What are the prime factors of 2619914618?
2, 727, 1801867
What are the prime factors of 255013040?
2, 5, 3187663
What are the prime factors of 2372333924?
2, 199, 2980319
List the prime factors of 1066434843.
3, 283, 1256107
List the prime factors of 1994802072.
2, 3, 83116753
What are the prime factors of 30847870?
2, 5, 113, 27299
What are the prime factors of 393724327?
19, 23, 900971
What are the prime factors of 4987820788?
2, 79, 15784243
List the prime factors of 56001359.
56001359
What are the prime factors of 2404563462?
2, 3, 7, 6361279
What are the prime factors of 106756587?
3, 7, 73, 139, 167
List the prime factors of 5712358523.
1993, 2866211
What are the prime factors of 187517227?
757, 247711
What are the prime factors of 54084629?
54084629
What are the prime factors of 418927223?
11, 13, 1607, 1823
List the prime factors of 13071981.
3, 13, 19, 23, 59
What are the prime factors of 161420802?
2, 3, 1063, 25309
List the prime factors of 105666029.
7, 15095147
List the prime factors of 67213184.
2, 19, 29, 953
List the prime factors of 77304837.
3, 25768279
List the prime factors of 18751397.
7, 43, 62297
List the prime factors of 41015165.
5, 179, 45827
What are the prime factors of 2273864445?
3, 5, 1471, 34351
What are the prime factors of 1656515831?
1993, 831167
List the prime factors of 1397847734.
2, 29, 24100823
What are the prime factors of 1504601472?
2, 3, 11, 107, 3329
List the prime factors of 537808605.
3, 5, 1723, 20809
What are the prime factors of 4090879113?
3, 19, 29, 2474821
What are the prime factors of 468885970?
2, 5, 7, 1223, 5477
List the prime factors of 626939455.
5, 125387891
What are the prime factors of 1776995795?
5, 31, 11464489
List the prime factors of 2196644344.
2, 6133, 44771
List the prime factors of 381517965.
3, 5, 2826059
List the prime factors of 21848846.
2, 163, 67021
List the prime factors of 789921845.
5, 419, 377051
What are the prime factors of 901517235?
3, 5, 60101149
What are the prime factors of 2009980787?
23, 87390469
What are the prime factors of 4798614808?
2, 13, 46140527
What are the prime factors of 1090069694?
2, 7, 43, 1810747
List the prime factors of 752887937.
29, 83, 167, 1873
What are the prime factors of 1475620388?
2, 11, 367, 91381
List the prime factors of 57663812.
2, 89, 161977
What are the prime factors of 49279444?
2, 2161, 5701
List the prime factors of 251734479.
3, 557, 150649
What are the prime factors of 2328230449?
4231, 550279
What are the prime factors of 1515480831?
3, 19, 47, 188563
What are the prime factors of 132599242?
2, 66299621
List the prime factors of 5092387074.
2, 3, 101, 1571, 1783
List the prime factors of 767902695.
3, 5, 7, 73, 100183
List the prime factors of 400858601.
11, 13, 23167
List the prime factors of 777870785.
5, 17, 2749, 3329
What are the prime factors of 149268688?
2, 127, 73459
What are the prime factors of 7415387?
7, 29, 36529
List the prime factors of 2324571976.
2, 17, 1907, 8963
List the prime factors of 740868380.
2, 5, 7, 31, 170707
What are the prime factors of 631738940?
2, 5, 7, 271, 16651
What are the prime factors of 47636066?
2, 23818033
What are the prime factors of 25948200?
2, 3, 5, 59, 733
List the prime factors of 52124681.
7, 151967
What are the prime factors of 150008451?
3, 50002817
What are the prime factors of 58455640?
2, 5, 1461391
What are the prime factors of 32308284?
2, 3, 19, 23, 61, 101
List the prime factors of 1019357044.
2, 101, 2523161
What are the prime factors of 647641681?
647641681
What are the prime factors of 440852828?
2, 13, 41, 206779
What are the prime factors of 240273542?
2, 120136771
What are the prime factors of 129422165?
5, 157, 173, 953
List the prime factors of 570359728.
2, 35647483
What are the prime factors of 3229258369?
103, 31352023
What are the prime factors of 177331210?
2, 5, 7, 2533303
What are the prime factors of 125211788?
2, 13, 109, 22091
What are the prime factors of 3883054?
2, 7, 39623
List the prime factors of 6062099.
6062099
What are the prime factors of 28025471?
127, 220673
List the prime factors of 1208614995.
3, 5, 7, 1549, 2477
What are the prime factors of 27224820?
2, 3, 5, 7, 17, 31, 41
What are the prime factors of 40421016?
2, 3, 269, 2087
What are the prime factors of 2542324412?
2, 19, 23, 1454419
List the prime factors of 977534155.
5, 13, 23, 373, 1753
List the prime factors of 29668994.
2, 19, 41, 137, 139
List the prime factors of 419502006.
2, 3, 7, 11, 313, 967
List the prime factors of 18225769.
19, 277, 3463
List the prime factors of 1660622972.
2, 8377, 49559
List the prime factors of 122711107.
113, 653, 1663
List the prime factors of 1063455232.
2, 7, 19, 23, 97
What are the prime factors of 3674249021?
22871, 160651
What are the prime factors of 797068269?
3, 9840349
List the prime factors of 234766479.
3, 6469, 12097
What are the prime factors of 69500237?
137, 507301
What are the prime factors of 1610182826?
2, 7, 16430437
List the prime factors of 94923176.
2, 